34 = 2*m. Let a = m + 40. Suppose 3*o + 0*o + j = 9, a = 4*o - j. Calculate the remainder when 6 is divided by o.
2
Suppose j + 75 = 6*j. Let b = -21 + 15. Let v(i) = 2*i**2 + 4*i - 5. Calculate the remainder when v(b) is divided by j.
13
Let c(u) = 2*u - 10. Let s be c(8). Suppose 2 = 4*d - 2*j, -2*j - s = -0*j. What is the remainder when 20 + (d - 1 - -3) is divided by 11?
10
Suppose 4*g - 81 = 3*y, 6*g - 69 = 3*g + 5*y. Let a = 5 + -5. Calculate the remainder when 34 + a/((-6)/3) is divided by g.
16
Let j(q) = 21*q. Let u(p) = p**3 - 8*p**2 + 8*p - 1. Calculate the remainder when j(1) is divided by u(7).
3
Let v(m) = 3*m - 8. Let r be v(4). Let o(d) = 3*d**3 - 6*d**2 + 2. Calculate the remainder when o(r) is divided by 25.
23
Let m(w) = 5*w**3 - w**2. Let k(u) = 4*u**3 - 2*u**2 + u - 1. Let t(v) = 4*k(v) - 3*m(v). Let z = 80 + -34. What is the remainder when z is divided by t(5)?
14
Let t(v) = -v**3 - 16*v**2 + 16*v + 24. Calculate the remainder when 162 is divided by t(-17).
39
Let s = -8 + 14. Calculate the remainder when s is divided by 4.
2
Suppose -26 = 5*t - 11, z + 2*t + 3 = 0. Suppose -2*y - 3*n + 24 = 0, 3*y + 7*n - 34 = z*n. What is the remainder when 15 is divided by y?
3
Let d(u) = u**2 - 8*u + 9. Let t be d(7). Let w be 27*(2 - 0)/t. Let f = w - 14. What is the remainder when 37 is divided by f?
11
Let s = -16 + 20. Calculate the remainder when 6 is divided by s.
2
Let s be 4/(-14) + (-813)/21. Let p = 7 - s. Calculate the remainder when p is divided by 16.
14
Suppose 2*t + 4 = 6. Let o = 10 - t. Calculate the remainder when o is divided by 5.
4
Let s = 310 + -198. Let n = s - 56. What is the remainder when n is divided by 19?
18
Suppose h - w + 3*w + 18 = 0, -3*h - 27 = -3*w. Let v = 18 + h. Calculate the remainder when v is divided by 2.
0
Suppose 0 = 6*i - 37 - 17. What is the remainder when 42 is divided by i?
6
Let f be 7/(-14) + (-7)/(-2). Suppose 0 = 5*v - t - 30, 5*v + f*t = 5*t + 30. Suppose -2 = -2*l + v. Calculate the remainder when l is divided by 2.
0
Let g(w) = -26*w - 1. Let f be -1 - -5 - (2 - -1). Let n be g(f). Let v = -18 - n. What is the remainder when 17 is divided by v?
8
Suppose 0 = 3*z - 86 - 139. Calculate the remainder when z is divided by 19.
18
Let t(m) = m**3 + 6*m**2 - m + 3. What is the remainder when 26 is divided by t(-6)?
8
Suppose 0 = -5*a - 3*i + 4*i + 49, 0 = 5*a + 2*i - 52. Let z = 21 - a. Let d(n) = -n**3 - 10*n**2 - n - 6. Calculate the remainder when z is divided by d(-10).
3
Let l = -9 - -12. Let g be 11/l + 5/15. Suppose 2*b = g*c + 7*b - 61, c + 5*b - 34 = 0. Calculate the remainder when 15 is divided by c.
6
Let x be 0 + 1 - (1 - 12). Suppose 0 = f + 3*f - x. Suppose -f*d = 12, d = 3*b + 2*d - 50. What is the remainder when b is divided by 10?
8
Let v(t) = -t**2 + 7*t + 15. What is the remainder when v(7) is divided by 8?
7
Let n(s) = s**3 + s**2 + s - 1. Let y(o) = 2*o**3 + 11*o**2 + 10*o - 14. Let d(l) = n(l) - y(l). Calculate the remainder when d(-10) is divided by 26.
25
Suppose 4*o - 4*q + 456 = 0, -122 = o - 0*q - 3*q. Let w be (8/10)/((-1)/o). Suppose w = 5*l - l. Calculate the remainder when 42 is divided by l.
20
Suppose 27 = 5*d - 3. What is the remainder when 21 is divided by d?
3
Let g be 5 - (3 + -1 - 2). Suppose 0*p + w = -2*p + 53, 0 = -4*p - g*w + 109. What is the remainder when p is divided by 9?
8
Let p = 28 - 15. Let n(l) = 60*l**3 + l**2 - l. Let c be n(1). Let m = c + -22. Calculate the remainder when m is divided by p.
12
Suppose -j = -2*h - 84, -2*h = -4*j - h + 371. Calculate the remainder when j is divided by 12.
10
Let k(l) = 3*l - 7. Calculate the remainder when k(12) is divided by 6.
5
Suppose -3*r + r = 18. Let j = 13 + -6. Calculate the remainder when (-1 + r)*18/(-9) is divided by j.
6
Let d = 81 + -42. Suppose m + d = 4*s + 2*m, -m = -5*s + 51. What is the remainder when s is divided by 16/10*(-10)/(-4)?
2
Let i(m) = 12*m - 3. Let b be i(2). Suppose -2*p + 3 = -b. Suppose 2*r - n - 48 = -8, 2*r = -3*n + 56. What is the remainder when r is divided by p?
10
Let h(d) = d**2 + 6*d + 10. What is the remainder when h(-7) is divided by 9?
8
Let t be (-12 + 0)/(1/(-4)). Suppose 0*b + 5*b + t = 3*i, -5*i - 5*b + 40 = 0. What is the remainder when (i/(-2))/((-4)/8) is divided by 4?
3
Suppose 0 = o - w + 5*w - 25, 115 = 4*o + w. Suppose -5*r - 4*y = -70, 4*r - 45 = -r + y. Calculate the remainder when o is divided by r.
9
Let b be -1*2*10/(-4). Suppose -4*w - l = -9, 2*l - 3 = 2*w + b. What is the remainder when 1 is divided by w?
0
Let c(z) = z**3 - 13*z**2 - z + 13. Let k be c(13). Suppose k*g - 3*g = -39. Calculate the remainder when 51 is divided by g.
12
Suppose -6*d + d + 52 = -3*s, 30 = 3*d - 3*s. Calculate the remainder when 31 is divided by d.
9
Let y = -85 + 150. Calculate the remainder when y is divided by 34.
31
Calculate the remainder when 32 + 1/(-1) + -3 is divided by 10.
8
Suppose 22 = 4*o - 42. What is the remainder when 54 is divided by o?
6
Let i(z) = 6*z - 4. Let s be (-2)/(-8) + (-34)/8. Let m = s + 7. Calculate the remainder when i(m) is divided by 5.
4
Suppose 0 = -3*a + 8*a - 1075. What is the remainder when a is divided by 24?
23
Suppose 22 = 4*b + f, -3*f + 29 = 3*b + 8. Calculate the remainder when b*((-66)/(-15) + 0) is divided by ((-16)/10)/(1/(-5)).
6
Suppose -u = 2*r - 37, 5*u - 18 + 3 = 0. Let h(d) = d + 9. Let a be h(-6). What is the remainder when r is divided by 0/(a/1) + 9?
8
Let d = -29 + 67. Let a = -25 + d. Calculate the remainder when 36 is divided by a.
10
Let o(w) = -4*w + 1. What is the remainder when 48 is divided by o(-3)?
9
Suppose b + a - 106 = 0, 4*a + 238 = 4*b - 210. Calculate the remainder when b is divided by 10.
9
Let d(u) = u**3 + u**2 + 73. Calculate the remainder when d(0) is divided by 19.
16
Suppose -5*k + 60 = -3*x, x = 3*k - 2*x - 36. Suppose -8 = -2*s + 6. Calculate the remainder when k is divided by s.
5
Let x = 580 - 391. Suppose -3*m = 2*p - 5*p + x, 3*p = 4*m + 189. What is the remainder when p is divided by 22?
19
What is the remainder when 4 is divided by -1 - -4 - 46/23?
0
Let k(c) = 7*c - 54. What is the remainder when k(13) is divided by 10?
7
Suppose 29 = 2*c - 9. What is the remainder when (6/7)/(4/168) is divided by c?
17
Calculate the remainder when (2/4)/((-17)/(-1360)) is divided by 26.
14
Calculate the remainder when 17 is divided by 4/((-20)/7)*-5.
3
Let a(o) = -o**2 - 10*o + 3. Calculate the remainder when 35 is divided by a(-8).
16
Let h(g) = 8*g. Calculate the remainder when h(4) is divided by 11.
10
Suppose -6*w = 7*w - 39. What is the remainder when 10 is divided by w?
1
Let a(v) = -v**3 + 6*v**2 + 4*v + 7. What is the remainder when a(6) is divided by 11?
9
Suppose 213 = 5*w - 332. What is the remainder when w is divided by 28?
25
Let u = 50 + -35. Let a(y) = 4*y + 2*y**2 + 28 - y**2 - 5*y. What is the remainder when a(0) is divided by u?
13
Let d(p) = -p**3 - 3*p**2 + 4*p + 3. Let l be d(-4). Let b = 3 - l. Suppose 0 = -3*i - b*i + 3. Calculate the remainder when i is divided by 1.
0
Let o(l) = -l**2 - 2*l + 2. Let g be o(-2). Suppose 3*y - g = 5*a, 2*a = -4*y + 3*a + 14. What is the remainder when 10 is divided by y?
2
Suppose 4*r - m + 19 = 83, 3*m = -12. Let f(x) = 6*x**3 + x**2 - x. What is the remainder when r is divided by f(1)?
3
Calculate the remainder when (6/(-4))/(3/(-176)) is divided by 18.
16
Let v = -5 + 8. Calculate the remainder when (2 - v) + 6 + -1 is divided by 3.
1
Let p(v) = -9*v. Let c be p(2). Suppose -2*k = -3*o + 6 + 7, 0 = -2*o + 10. Calculate the remainder when k is divided by (4/6)/((-12)/c).
0
Suppose 0 = 3*i - 0*i + 15, 0 = -4*m + 4*i + 232. Suppose v + 24 = -v. What is the remainder when m is divided by 15*(v/10)/(-1)?
17
Suppose 0 = -6*h + 16 + 68. What is the remainder when 69 is divided by h?
13
Let p = 4 + -5. Let z be (-6)/(-4) + p/(-2). Suppose -3*o + 102 = -2*w, z*w + 2*w + 12 = 0. Calculate the remainder when o is divided by 11.
10
Let p(m) = m**2 + 6*m - 4. Let w be p(-6). Let h = 20 + -53. Let d = w - h. What is the remainder when d is divided by 16?
13
Let m = 65 + -45. Let r = m - 10. Calculate the remainder when r is divided by 6.
4
Suppose 0*v - 5 = -v. Suppose v*g + 0*g = 40. Calculate the remainder when 13 is divided by g.
5
Let